{"id":170,"date":"2012-02-02T18:00:35","date_gmt":"2012-02-02T17:00:35","guid":{"rendered":"http:\/\/www.saengerchor-olympia.de\/?page_id=170"},"modified":"2024-12-10T21:33:38","modified_gmt":"2024-12-10T20:33:38","slug":"der-verein-3","status":"publish","type":"page","link":"https:\/\/www.saengerchor-olympia.de\/?page_id=170","title":{"rendered":"Unser Verein"},"content":{"rendered":"<p>Der Verein S\u00e4ngerchor Olympia Steinheim wurde 1860 zun\u00e4chst als reiner M\u00e4nnergesangverein gegr\u00fcndet. Im Jahr 2005 wurde als Erg\u00e4nzung zum M\u00e4nnerchor der junge Chor Taktvoll als gemischter Chor unter dem Dirigat von Fr. Jutta Schnadt gegr\u00fcndet. Das Repertoire von Taktvoll umfasst mittlerweile Pop, Klassik und Gospel in mehreren Sprachen.<\/p>\n<p>Im traditionellen M\u00e4nnerchor wirken ca. 16\u00a0aktive S\u00e4nger mit, bei Taktvoll treffen sich ca. 47\u00a0aktive S\u00e4ngerinnen und S\u00e4nger zu regelm\u00e4\u00dfigen Proben im Steinheimer Marstall.<\/p>\n<table border=\"0\" cellspacing=\"0\" cellpadding=\"0\">\n<tbody>\n<tr>\n<td colspan=\"2\" valign=\"top\" width=\"516\">\n<p align=\"center\">Der Vorstand:<\/p>\n<\/td>\n<\/tr>\n<tr>\n<td valign=\"top\" width=\"258\">1. Vorsitzender<\/td>\n<td valign=\"top\" width=\"258\">Ulf Michaelis<\/td>\n<\/tr>\n<tr>\n<td valign=\"top\" width=\"258\">2. Vorsitzender<\/td>\n<td valign=\"top\" width=\"258\">Hans-J\u00fcrgen Merget<\/td>\n<\/tr>\n<tr>\n<td valign=\"top\" width=\"258\">Kassenwart<\/td>\n<td valign=\"top\" width=\"258\">Achim Rost<\/td>\n<\/tr>\n<tr>\n<td valign=\"top\" width=\"258\">Schriftf\u00fchrer<\/td>\n<td valign=\"top\" width=\"258\">Heike Mager<\/td>\n<\/tr>\n<tr>\n<td valign=\"top\" width=\"258\">\u00a0<\/td>\n<td valign=\"top\" width=\"258\">\u00a0<\/td>\n<\/tr>\n<tr>\n<td valign=\"top\" width=\"258\">\u00a0<\/td>\n<td valign=\"top\" width=\"258\">\u00a0<\/td>\n<\/tr>\n<tr>\n<td valign=\"top\" width=\"258\">\u00a0<\/td>\n<td valign=\"top\" width=\"258\">\u00a0<\/td>\n<\/tr>\n<tr>\n<td valign=\"top\" width=\"258\">\u00a0<\/td>\n<td valign=\"top\" width=\"258\">\u00a0<\/td>\n<\/tr>\n<\/tbody>\n<\/table>\n\n\n<figure class=\"wp-block-image size-large\"><img loading=\"lazy\" decoding=\"async\" width=\"1024\" height=\"705\" src=\"https:\/\/www.saengerchor-olympia.de\/wp-content\/uploads\/2024\/12\/PXL_20241207_165548875.MP_-1024x705.jpg\" alt=\"Die Mitglieder des Vorstands\" class=\"wp-image-2396\" style=\"object-fit:contain\" srcset=\"https:\/\/www.saengerchor-olympia.de\/wp-content\/uploads\/2024\/12\/PXL_20241207_165548875.MP_-1024x705.jpg 1024w, https:\/\/www.saengerchor-olympia.de\/wp-content\/uploads\/2024\/12\/PXL_20241207_165548875.MP_-300x207.jpg 300w, https:\/\/www.saengerchor-olympia.de\/wp-content\/uploads\/2024\/12\/PXL_20241207_165548875.MP_-768x529.jpg 768w, https:\/\/www.saengerchor-olympia.de\/wp-content\/uploads\/2024\/12\/PXL_20241207_165548875.MP_-1536x1058.jpg 1536w, https:\/\/www.saengerchor-olympia.de\/wp-content\/uploads\/2024\/12\/PXL_20241207_165548875.MP_-2048x1410.jpg 2048w\" sizes=\"auto, (max-width: 1024px) 100vw, 1024px\" \/><\/figure>\n","protected":false},"excerpt":{"rendered":"<p>Der Verein S\u00e4ngerchor Olympia Steinheim wurde 1860 zun\u00e4chst als reiner M\u00e4nnergesangverein gegr\u00fcndet. Im Jahr 2005 wurde als Erg\u00e4nzung zum M\u00e4nnerchor der junge Chor Taktvoll als gemischter Chor unter dem Dirigat von Fr. Jutta Schnadt gegr\u00fcndet. Das Repertoire von Taktvoll umfasst &hellip; <a href=\"https:\/\/www.saengerchor-olympia.de\/?page_id=170\">Weiterlesen <span class=\"meta-nav\">&rarr;<\/span><\/a><\/p>\n","protected":false},"author":3,"featured_media":0,"parent":0,"menu_order":2,"comment_status":"open","ping_status":"closed","template":"","meta":{"footnotes":""},"class_list":["post-170","page","type-page","status-publish","hentry"],"_links":{"self":[{"href":"https:\/\/www.saengerchor-olympia.de\/index.php?rest_route=\/wp\/v2\/pages\/170","targetHints":{"allow":["GET"]}}],"collection":[{"href":"https:\/\/www.saengerchor-olympia.de\/index.php?rest_route=\/wp\/v2\/pages"}],"about":[{"href":"https:\/\/www.saengerchor-olympia.de\/index.php?rest_route=\/wp\/v2\/types\/page"}],"author":[{"embeddable":true,"href":"https:\/\/www.saengerchor-olympia.de\/index.php?rest_route=\/wp\/v2\/users\/3"}],"replies":[{"embeddable":true,"href":"https:\/\/www.saengerchor-olympia.de\/index.php?rest_route=%2Fwp%2Fv2%2Fcomments&post=170"}],"version-history":[{"count":23,"href":"https:\/\/www.saengerchor-olympia.de\/index.php?rest_route=\/wp\/v2\/pages\/170\/revisions"}],"predecessor-version":[{"id":2397,"href":"https:\/\/www.saengerchor-olympia.de\/index.php?rest_route=\/wp\/v2\/pages\/170\/revisions\/2397"}],"wp:attachment":[{"href":"https:\/\/www.saengerchor-olympia.de\/index.php?rest_route=%2Fwp%2Fv2%2Fmedia&parent=170"}],"curies":[{"name":"wp","href":"https:\/\/api.w.org\/{rel}","templated":true}]}}

<p>Der Verein Sängerchor Olympia Steinheim wurde 1860 zunächst als reiner Männergesangverein gegründet. Im Jahr 2005 wurde als Ergänzung zum Männerchor der junge Chor Taktvoll als gemischter Chor unter dem Dirigat von Fr. Jutta Schnadt gegründet. Das Repertoire von Taktvoll umfasst mittlerweile Pop, Klassik und Gospel in mehreren Sprachen.</p>
<p>Im traditionellen Männerchor wirken ca. 16 aktive Sänger mit, bei Taktvoll treffen sich ca. 47 aktive Sängerinnen und Sänger zu regelmäßigen Proben im Steinheimer Marstall.</p>
<table border="0" cellspacing="0" cellpadding="0">
<tbody>
<tr>
<td colspan="2" valign="top" width="516">
<p align="center">Der Vorstand:</p>
</td>
</tr>
<tr>
<td valign="top" width="258">1. Vorsitzender</td>
<td valign="top" width="258">Ulf Michaelis</td>
</tr>
<tr>
<td valign="top" width="258">2. Vorsitzender</td>
<td valign="top" width="258">Hans-Jürgen Merget</td>
</tr>
<tr>
<td valign="top" width="258">Kassenwart</td>
<td valign="top" width="258">Achim Rost</td>
</tr>
<tr>
<td valign="top" width="258">Schriftführer</td>
<td valign="top" width="258">Heike Mager</td>
</tr>
<tr>
<td valign="top" width="258"> </td>
<td valign="top" width="258"> </td>
</tr>
<tr>
<td valign="top" width="258"> </td>
<td valign="top" width="258"> </td>
</tr>
<tr>
<td valign="top" width="258"> </td>
<td valign="top" width="258"> </td>
</tr>
<tr>
<td valign="top" width="258"> </td>
<td valign="top" width="258"> </td>
</tr>
</tbody>
</table>


<figure class="wp-block-image size-large"><img loading="lazy" decoding="async" width="1024" height="705" src="https://www.saengerchor-olympia.de/wp-content/uploads/2024/12/PXL_20241207_165548875.MP_-1024x705.jpg" alt="Die Mitglieder des Vorstands" class="wp-image-2396" style="object-fit:contain" srcset="https://www.saengerchor-olympia.de/wp-content/uploads/2024/12/PXL_20241207_165548875.MP_-1024x705.jpg 1024w, https://www.saengerchor-olympia.de/wp-content/uploads/2024/12/PXL_20241207_165548875.MP_-300x207.jpg 300w, https://www.saengerchor-olympia.de/wp-content/uploads/2024/12/PXL_20241207_165548875.MP_-768x529.jpg 768w, https://www.saengerchor-olympia.de/wp-content/uploads/2024/12/PXL_20241207_165548875.MP_-1536x1058.jpg 1536w, https://www.saengerchor-olympia.de/wp-content/uploads/2024/12/PXL_20241207_165548875.MP_-2048x1410.jpg 2048w" sizes="auto, (max-width: 1024px) 100vw, 1024px" /></figure>

<p>Der Verein Sängerchor Olympia Steinheim wurde 1860 zunächst als reiner Männergesangverein gegründet. Im Jahr 2005 wurde als Ergänzung zum Männerchor der junge Chor Taktvoll als gemischter Chor unter dem Dirigat von Fr. Jutta Schnadt gegründet. Das Repertoire von Taktvoll umfasst &hellip; <a href="https://www.saengerchor-olympia.de/?page_id=170">Weiterlesen <span class="meta-nav">&rarr;</span></a></p>
